+ 253?
21b
In base 10, what is -53 + -4?
-57
In base 7, what is 1211 + 13?
1224
In base 10, what is -4 + 1565?
1561
In base 5, what is 1204 - 110?
1044
In base 14, what is -4 - 2c?
-32
In base 16, what is 8 - -1c?
24
In base 16, what is -a5c - 5?
-a61
In base 2, what is 1100 + 110011111?
110101011
In base 3, what is -222 - 110100?
-111022
In base 2, what is 11 - -1?
100
In base 2, what is 110 + 111?
1101
In base 15, what is 2 + 7b0?
7b2
In base 2, what is -11110110 - -1?
-11110101
In base 13, what is 1b - -4?
22
In base 9, what is 322 - -5?
327
In base 7, what is 1 + 35?
36
In base 13, what is -6 - 119?
-122
In base 15, what is -d + 84?
76
In base 12, what is 35 + -154?
-11b
In base 8, what is -1 - 0?
-1
In base 16, what is -2d - -7?
-26
In base 12, what is -2 - -330?
32a
In base 5, what is 2 - 32?
-30
In base 2, what is -1010101000 - 100?
-1010101100
In base 8, what is -2242 - 1?
-2243
In base 15, what is -4e + -3?
-52
In base 15, what is 0 + -c2?
-c2
In base 13, what is 24 + -1?
23
In base 11, what is -126 + -59?
-184
In base 2, what is -111100 - 101011?
-1100111
In base 13, what is 4 - 56?
-52
In base 3, what is 1010 - 111?
122
In base 9, what is -4 + 58?
54
In base 5, what is 1402 + 30?
1432
In base 9, what is -526 + 10?
-516
In base 4, what is 111030 - -1?
111031
In base 2, what is -110 + -10110101000?
-10110101110
In base 9, what is 472 - 4?
467
In base 7, what is 452 - -5?
460
In base 5, what is 2411 - -4?
2420
In base 9, what is 5 + -357?
-352
In base 6, what is -32 - -1?
-31
In base 8, what is -34 - 7?
-43
In base 7, what is -12310 + 4?
-12303
In base 12, what is -23b - -1?
-23a
In base 8, what is 4265 + 2?
4267
In base 13, what is 1 - -232?
233
In base 12, what is 5 + 197?
1a0
In base 14, what is 3 - -6?
9
In base 8, what is 3 + -634?
-631
In base 4, what is -23100 + 1?
-23033
In base 13, what is -11 - 89?
-9a
In base 13, what is -40 - -b?
-32
In base 9, what is 108 - 0?
108
In base 15, what is -152 - a?
-15c
In base 12, what is -5 - 4a00?
-4a05
In base 2, what is 11110000010100 - -10?
11110000010110
In base 7, what is -42 - -1?
-41
In base 13, what is -b + 6b?
60
In base 13, what is 0 + 31?
31
In base 7, what is -15 + -242?
-260
In base 14, what is 14a88 - 5?
14a83
In base 2, what is -10101001 - -10?
-10100111
In base 11, what is -3 + 325?
322
In base 14, what is 8c + 9?
97
In base 14, what is 30 + 9?
39
In base 15, what is -e1 - 4?
-e5
In base 4, what is -12301 - -21?
-12220
In base 12, what is 1 - -b4a?
b4b
In base 6, what is -2 + -12013?
-12015
In base 15, what is 2 - -13a?
13c
In base 12, what is 2 + -128?
-126
In base 16, what is 5 + -67?
-62
In base 9, what is -3 + 76?
73
In base 12, what is 137 - 5?
132
In base 2, what is 1101 - 11100001?
-11010100
In base 2, what is -10001111 + 111001?
-1010110
In base 14, what is -1c7 + d?
-1b8
In base 16, what is -8693 + 2?
-8691
In base 8, what is -16 + -30?
-46
In base 4, what is -3 - 22132?
-22201
In base 11, what is 3 - 13?
-10
In base 5, what is 122 + -12?
110
In base 5, what is -10 - -3212?
3202
In base 5, what is 343 + 3?
401
In base 6, what is -2 + -302?
-304
In base 11, what is -350 + 1?
-34a
In base 15, what is 3 - b57?
-b54
In base 11, what is -2 - 201?
-203
In base 2, what is -100111000 + 101?
-100110011
In base 2, what is -10010000101 - -11?
-10010000010
In base 2, what is 100011 - 1?
100010
In base 6, what is 2005 - -5?
2014
In base 7, what is -10135 - 0?
-10135
In base 14, what is 58 - 3?
55
In base 6, what is 1 + 5?
10
In base 2, what is -1011001 + 101?
-1010100
In base 8, what is -46 + 4?
-42
In base 2, what is -1010001111000 + 0?
-1010001111000
In base 11, what is -4 + -1125?
-1129
In base 9, what is 800 + -2?
787
In base 4, what is -11 - 320?
-331
In base 10, what is -3 + 2?
-1
In base 14, what is -162 + 5?
-15b
In base 3, what is 1111 - 102?
1002
In base 13, what is 5 - 21?
-19
In base 9, what is -21 + 725?
704
In base 14, what is -2507 + 2?
-2505
In base 7, what is -1526 + 4?
-1522
In base 10, what is -240 + -4?
-244
In base 6, what is 2 - -3030?
3032
In base 3, what is -22 - -200?
101
In base 2, what is 1101 + 111111?
1001100
In base 13, what is 1 + 14?
15
In base 3, what is -20102 - 1?
-20110
In base 4, what is -2 - 3113?
-3121
In base 12, what is -3 + 1721?
171a
In base 10, what is 3 + 11?
14
In base 11, what is -32 - 0?
-32
In base 3, what is 10 - 100201?
-100121
In base 3, what is -1110 - -12101?
10221
In base 14, what is -382 + -1?
-383
In base 6, what is 0 - 2305?
-2305
In base 13, what is -1a2 + -5?
-1a7
In base 14, what is -18c - -5?
-187
In base 15, what is 14c7 - -4?
14cb
In base 10, what is 9 - -67?
76
In base 13, what is -13261 - -2?
-1325c
In base 3, what is -2 + 1021?
1012
In base 15, what is -5 - 709?
-70e
In base 5, what is -1244441 + 2?
-1244434
In base 12, what is 520 - 1?
51b
In base 16, what is 4 - d?
-9
In base 13, what is c6 + 16?
10c
In base 5, what is -10 + -20?
-30
In base 13, what is 2 - 5a9?
-5a7
In base 12, what is 2a - 9b?
-71
In base 9, what is 72 - 50?
22
In base 4, what is 11 + -11021?
-11010
In base 4, what is -100023 + 10?
-100013
In base 16, what is -5 - b3?
-b8
In base 5, what is -124 - -144?
20
In base 15, what is -2 - 2b?
-2d
In base 2, what is 10011110 + 111011?
11011001
In base 14, what is -6 - 0?
-6
In base 12, what is -5 - 2a14?
-2a19
In base 4, what is 2 + 23220?
23222
In base 16, what is -2 - fd1?
-fd3
In base 12, what is -28 - 4?
-30
In base 3, what is -22212 + -10?
-22222
In base 10, what is 1 + 1037?
1038
In base 9, what is 2 - 4764?
-4762
In base 11, what is 38 + -3?
35
In base 5, what is 121103 - -2?
121110
In base 16, what is 56d - -c?
579
In base 6, what is 43 - -1?
44
In base 14, what is -76cc + 4?
-76c8
In base 8, what is -3 + 4?
1
In base 10, what is -2 + -755?
-757
In base 9, what is -171 - 3?
-174
In base 16, what is 4 - -2b8?
2bc
In base 4, what is -11221 + 111?
-11110
In base 16, what is 18f + 5?
194
In base 16, what is 6 + -25?
-1f
In base 6, what is -3 + 2332?
2325
In base 16, what is 2 - 6?
-4
In base 16, what is 59 - 14?
45
In base 12, what is -12 + -1b?
-31
In base 8, what is 3755 + -3?
3752
In base 10, what is 322 + 0?
322
In base 15, what is -16 + 15?
-1
In base 16, what is 1 - -60?
61
In base 2, what is 100 - -101111?
110011
In base 9, what is 274 - 35?
238
In base 9, what is -14 - -25?
11
In base 12, what is 3b + -5?
36
In base 6, what is 102 - -3?
105
In base 16, what is -924 - -3?
-921
In base 10, what is 0 - 149?
-149
In base 6, what is -1124 - 2?
-1130
In base 14, what is 1d - 1?
1c
In base 12, what is -10b8 - 3?
-10bb
In base 13, what is 0 - 1447?
-1447
In base 3, what is 10 + 121021?
121101
In base 6, what is 2542 + -5?
2533
In base 3, what is 11 + 22112?
22200
In base 15, what is 1d + -3?
1a
In base 6, what is -11522 + 10?
-11512
In base 9, what is -124 + 6?
-117
In base 5, what is 1144 + 10?
1204
In base 14, what is -3 - 259?
-25c
In base 16, what is -5 - 71d?
-722
In base 3, what is 12 + 101120?
101202
In base 5, what is -2 + -21?
-23
In base 8, what is 1573 - 5?
1566
In base 8, what is 2 + -117?
-115
In base 13, what is 1 + 20?
21
In base 6, what is -145025 - -2?
-145023
In base 4, what is 1003 + 3013?
10022
In base 2, what is 100 + -10?
10
In base 7, what is 6 - -11303?
11312
In base 8, what is -4 + 411?
405
In base 4, what is -220 - 331?
-1211
In base 11, what is 1a7 - 4?
1a3
In base 16, what is -ff + 5?
-fa
In base 16, what is -1 - -52?
51
In base 14, what is -6c + -a6?
-134
In base 3, what is 1 + 1010000?
1010001
In base 15, what is -9 - 256?
-260
In base 13, what is -3 + -a5?
-a8
In base 4, what is 10213112 + 10?
10213122
In base 10, what is 26 + -26?
0
In base 14, what is 134 + 1?
135
In base 8, what is -2004 + -30?
-2034
In base 9, what is 27 + 238?
266
In base 8, what is -430 - -4?
-424
In base 7, what is 166 + 1?
200
In base 13, what is 3 - -333?
336
In base 11, what is -53 + 557?
504
In base 2, what is 101 - 1101010?
-1100101
In base 7, what is -2402 - 0?
-2402
In base 7, what is -6 - -2511?
2502
In base 15, what is 699 + -1?
698
In base 2, what is 101 + -10010100?
-10001111
In base 8, what is 3 - 675?
-672
In base 9, what is -4 + 13?
8
In base 11, what is -4 - -15?
11
In base 5, what is -23213 - 11?
-23224
In base 12, what is 37 + 12?
49
In base 13, what is -100 - 42?
-142
In 